
What are the prime factors of 124431123?
3, 41477041
What are the prime factors of 2203460385?
3, 5, 7, 20985337
What are the prime factors of 314443466?
2, 157221733
List the prime factors of 46657430.
2, 5, 821, 5683
What are the prime factors of 14538080?
2, 5, 90863
What are the prime factors of 43357437?
3, 31, 557
What are the prime factors of 65381482?
2, 32690741
List the prime factors of 2944906430.
2, 5, 17, 23, 107, 7039
List the prime factors of 188080440.
2, 3, 5, 751, 2087
List the prime factors of 698734188.
2, 3, 127, 16981
List the prime factors of 3367547830.
2, 5, 336754783
List the prime factors of 30254524.
2, 7563631
List the prime factors of 86990960.
2, 5, 7, 31, 5011
List the prime factors of 38143067.
5081, 7507
What are the prime factors of 2078905650?
2, 3, 5, 103, 239, 563
List the prime factors of 35234885.
5, 7, 1006711
What are the prime factors of 45725168?
2, 41, 43, 1621
What are the prime factors of 5074918?
2, 2537459
What are the prime factors of 5540551607?
6761, 819487
List the prime factors of 951088840.
2, 5, 13, 1829017
What are the prime factors of 652872506?
2, 11, 13, 739, 3089
What are the prime factors of 1185325125?
3, 5, 23, 53, 2593
List the prime factors of 2079033355.
5, 7, 1381, 43013
List the prime factors of 459542481.
3, 31, 67, 73751
What are the prime factors of 50234648?
2, 1231, 5101
List the prime factors of 1008314333.
13, 5966357
What are the prime factors of 785830598?
2, 7, 1051, 53407
What are the prime factors of 689613197?
7, 13, 31, 244457
What are the prime factors of 1046342756?
2, 261585689
What are the prime factors of 637053213?
3, 43, 4938397
What are the prime factors of 220852739?
23, 417491
List the prime factors of 255096501.
3, 11, 7730197
List the prime factors of 107636827.
59, 1824353
List the prime factors of 6244072.
2, 257, 3037
What are the prime factors of 962198944?
2, 7, 4295531
What are the prime factors of 447363168?
2, 3, 7, 665719
What are the prime factors of 2326867028?
2, 581716757
List the prime factors of 571841163.
3, 263, 241589
List the prime factors of 533514587.
17, 73, 429907
List the prime factors of 124345253.
19, 6544487
What are the prime factors of 302537792?
2, 107, 44179
What are the prime factors of 64586717?
13, 4968209
List the prime factors of 150250761.
3, 937, 5939
List the prime factors of 63017312.
2, 1969291
What are the prime factors of 35444940?
2, 3, 5, 101, 5849
List the prime factors of 671857546.
2, 113, 2972821
List the prime factors of 3159296877.
3, 11, 19, 673, 7487
What are the prime factors of 21981203?
3121, 7043
List the prime factors of 179058765.
3, 5, 1747, 6833
List the prime factors of 372107761.
19, 19584619
What are the prime factors of 20474705?
5, 761, 5381
What are the prime factors of 59743613?
1667, 35839
List the prime factors of 1871905499.
173, 2801, 3863
List the prime factors of 44721762.
2, 3, 293, 25439
List the prime factors of 2207389499.
7, 3167, 99571
What are the prime factors of 413508423?
3, 137836141
List the prime factors of 121346432.
2, 948019
What are the prime factors of 493361258?
2, 13, 19, 283, 3529
What are the prime factors of 28574794?
2, 269, 53113
List the prime factors of 164258934.
2, 3, 7, 89, 43943
What are the prime factors of 7439333?
11, 347, 1949
What are the prime factors of 5926391206?
2, 53, 55909351
What are the prime factors of 107043282?
2, 3, 719, 919
What are the prime factors of 1203067204?
2, 29, 10371269
What are the prime factors of 806583936?
2, 3, 103, 20393
List the prime factors of 271624647.
3, 7, 12934507
What are the prime factors of 878507595?
3, 5, 7, 53, 101, 521
What are the prime factors of 1786084517?
7, 41, 6223291
What are the prime factors of 559717428?
2, 3, 19, 107, 22943
List the prime factors of 853484350.
2, 5, 2269, 7523
What are the prime factors of 1271489684?
2, 47, 6763243
What are the prime factors of 2862285042?
2, 3, 397, 827, 1453
List the prime factors of 641751770.
2, 5, 11, 31, 188197
List the prime factors of 990792706.
2, 53, 9347101
What are the prime factors of 97433517?
3, 1063, 30553
List the prime factors of 112829629.
11, 17, 269, 2243
List the prime factors of 751146414.
2, 3, 9973, 12553
List the prime factors of 67167394.
2, 7, 19, 252509
What are the prime factors of 121830191?
7, 17404313
What are the prime factors of 152025084?
2, 3, 17, 248407
What are the prime factors of 4094688188?
2, 1023672047
List the prime factors of 1918564459.
7, 274080637
List the prime factors of 252670866.
2, 3, 7, 863, 6971
What are the prime factors of 409384318?
2, 7, 4177391
What are the prime factors of 116514692?
2, 7, 29, 43, 47, 71
What are the prime factors of 159976568?
2, 19997071
List the prime factors of 1182148887.
3, 19441, 20269
What are the prime factors of 22645131?
3, 19, 397283
List the prime factors of 912484753.
912484753
What are the prime factors of 599646764?
2, 19, 31, 254519
List the prime factors of 454351119.
3, 61, 2482793
What are the prime factors of 160974243?
3, 59, 101051
What are the prime factors of 343061418?
2, 3, 7, 821, 9949
What are the prime factors of 1434096203?
557, 1301, 1979
List the prime factors of 59748524.
2, 11, 61, 113, 197
What are the prime factors of 224859057?
3, 74953019
What are the prime factors of 16689676?
2, 19, 43, 5107
What are the prime factors of 956018293?
53, 73, 103, 2399
List the prime factors of 293439382.
2, 19, 23, 335743
List the prime factors of 51586968.
2, 3, 61, 167, 211
What are the prime factors of 346073123?
11, 31461193
List the prime factors of 223533642.
2, 3, 23, 491, 3299
What are the prime factors of 261367125?
3, 5, 269, 2591
List the prime factors of 851642246.
2, 7, 13, 29, 37, 89
What are the prime factors of 28470328?
2, 53, 83, 809
List the prime factors of 3373756703.
59, 57182317
What are the prime factors of 1154306381?
179, 6448639
What are the prime factors of 933678890?
2, 5, 521, 179209
What are the prime factors of 151557826?
2, 7, 10825559
What are the prime factors of 245048487?
3, 81682829
List the prime factors of 660244756.
2, 19, 1277, 6803
List the prime factors of 49192637.
13, 613, 6173
List the prime factors of 66861333.
3, 7, 11, 179
List the prime factors of 2360936496.
2, 3, 131, 375467
List the prime factors of 64471758.
2, 3, 13, 826561
List the prime factors of 2282312301.
3, 127, 151, 39671
List the prime factors of 641639769.
3, 101, 2117623
List the prime factors of 155625111.
3, 5763893
What are the prime factors of 220569148?
2, 55142287
List the prime factors of 134089799.
661, 202859
What are the prime factors of 27379628?
2, 6844907
List the prime factors of 342765022.
2, 691, 248021
What are the prime factors of 471630076?
2, 117907519
List the prime factors of 176144484.
2, 3, 14678707
List the prime factors of 63399317.
79, 802523
What are the prime factors of 55127415?
3, 5, 7, 163, 3221
What are the prime factors of 2521718489?
41, 2659, 23131
What are the prime factors of 970975029?
3, 8663, 37361
What are the prime factors of 3565805524?
2, 761, 1171421
List the prime factors of 69697628.
2, 7, 11, 13, 103
List the prime factors of 399680943.
3, 227, 586903
List the prime factors of 75932673.
3, 4127, 6133
What are the prime factors of 421998135?
3, 5, 13, 23, 37, 2543
List the prime factors of 4105288282.
2, 17, 120743773
What are the prime factors of 9061200?
2, 3, 5, 839
List the prime factors of 134461513.
5171, 26003
List the prime factors of 38439698.
2, 11, 19, 91961
What are the prime factors of 877710216?
2, 3, 1399, 26141
List the prime factors of 9108031.
37, 199, 1237
List the prime factors of 38121776.
2, 7, 11, 29, 97
What are the prime factors of 89391952?
2, 13, 137, 3137
What are the prime factors of 917904268?
2, 157, 1461631
What are the prime factors of 65235899?
65235899
What are the prime factors of 167814826?
2, 149, 601, 937
List the prime factors of 14038212.
2, 3, 163, 7177
List the prime factors of 3089870407.
13, 37, 131, 49037
What are the prime factors of 44466376?
2, 5558297
What are the prime factors of 1623866995?
5, 324773399
What are the prime factors of 427877615?
5, 11, 7779593
List the prime factors of 2229508413.
3, 11, 1657, 13591
What are the prime